{"id":6237,"date":"2025-11-02T19:23:09","date_gmt":"2025-11-02T19:23:09","guid":{"rendered":"https:\/\/www.skibum.pl\/?page_id=6237"},"modified":"2025-11-02T21:21:07","modified_gmt":"2025-11-02T21:21:07","slug":"newski-pazdziernik-2025","status":"publish","type":"page","link":"https:\/\/www.skibum.pl\/index.php\/newski-pazdziernik-2025\/","title":{"rendered":"NEWSKI &#8211; PA\u0179DZIERNIK 2025"},"content":{"rendered":"<h3>W pa\u017adzierniku sezon narciarski powoli si\u0119 rozkr\u0119ca. Zobaczmy zatem, jakie niespodzianki dla nas szykuje. W najnowszym newsletterze dowiecie si\u0119, dlaczego nie chc\u0105 nam sprzedawa\u0107 karnet\u00f3w, jakie niebezpiecze\u0144stwa czaj\u0105 si\u0119 w kolejkach linowych, jaki rekord \u015bwiata w je\u017adzie na nartach mo\u017cna ustanowi\u0107 nie jad\u0105c w og\u00f3le w g\u00f3ry, co w tym roku b\u0119dzie trendy i czego spodziewa\u0107 si\u0119 po nartach w Europie w poszczeg\u00f3lnych miesi\u0105cach.<\/h3>\n<h1>\u201eSorry, dzi\u015b nie poje\u017adzisz\u201d<\/h1>\n<p>Jak pewnie s\u0142yszeli\u015bcie, Madonna di Campiglio w Dolomitach postanowi\u0142a ograniczy\u0107 liczb\u0119 narciarzy na stokach, przy czym nie poprzez niebotyczne windowanie cen karnet\u00f3w, jak robi\u0105 to Amerykanie, ale przez fizyczny limit karnet\u00f3w jednodniowych dost\u0119pnych w sprzeda\u017cy. Clickbaitowe tytu\u0142y rozg\u0142osi\u0142y to ju\u017c wszem i wobec, ale pami\u0119tajmy \u017ce dotyczy to dw\u00f3ch, relatywnie kr\u00f3tkich okres\u00f3w w czasie sezonu. Pow\u00f3d ogranicze\u0144? &#8222;Overtourism&#8221;, kt\u00f3ry dotyka Dolomity tak\u017ce w lecie. Nad zjawiskiem tym pochylaj\u0105 si\u0119 redaktorzy euronews.com, wskazuj\u0105c, \u017ce coraz wi\u0119cej turyst\u00f3w tak\u017ce latem ucieka z upalnych dolin i pla\u017c w nieco ch\u0142odniejsze g\u00f3ry. Alpy nie s\u0105 mo\u017ce a\u017c tak oryginalne jak Lofoty, ale s\u0105\u00a0 &#8211; szczeg\u00f3lnie w Dolomitach &#8211; pi\u0119kne i \u0142atwiej dost\u0119pne.<\/p>\n<p><strong><a href=\"https:\/\/www.euronews.com\/travel\/2025\/10\/09\/italian-ski-resort-caps-visitor-numbers-for-the-first-time-as-dolomites-continue-overtouri\" target=\"_blank\" rel=\"noopener\">LINK: euronews.com<\/a><\/strong><\/p>\n<figure id=\"attachment_6238\" aria-describedby=\"caption-attachment-6238\" style=\"width: 1024px\" class=\"wp-caption aligncenter\"><img loading=\"lazy\" class=\"wp-image-6238 size-full\" src=\"https:\/\/www.skibum.pl\/wp-content\/uploads\/2025\/11\/3.jpg\" alt=\"\" width=\"1024\" height=\"768\" srcset=\"https:\/\/www.skibum.pl\/wp-content\/uploads\/2025\/11\/3.jpg 1024w, https:\/\/www.skibum.pl\/wp-content\/uploads\/2025\/11\/3-300x225.jpg 300w, https:\/\/www.skibum.pl\/wp-content\/uploads\/2025\/11\/3-768x576.jpg 768w\" sizes=\"(max-width: 767px) 89vw, (max-width: 1000px) 54vw, (max-width: 1071px) 543px, 580px\" \/><figcaption id=\"caption-attachment-6238\" class=\"wp-caption-text\">Fot.: snow.cz<\/figcaption><\/figure>\n<h1>Boisz si\u0119 je\u017adzi\u0107 wyci\u0105gami? S\u0141USZNIE.<\/h1>\n<p>Boisz si\u0119 lata\u0107 samolotem lub je\u017adzi\u0107 wyci\u0105giem? S\u0142usznie. Pewnie s\u0142ysza\u0142a\u015b lub s\u0142ysza\u0142e\u015b te wszystkie argumenty, \u017ce statystycznie s\u0105 to najbezpieczniejsze \u015brodki transportu, \u017ce du\u017co niebezpieczniej jest we w\u0142asnym samochodzie itp. Pami\u0119taj jednak &#8211; ka\u017cdy kto wchodzi\u0142 do samolotu lub wyci\u0105gu, kt\u00f3ry uleg\u0142 potem tragicznej awarii, my\u015bla\u0142 dok\u0142adnie tak samo! Zatem, wsiadaj\u0105c na pok\u0142ad takiego wehiku\u0142u, jeste\u015b w takiej samej sytuacji! Czeski portal przynosi ciekawe podsumowanie najwi\u0119kszych katastrof wyci\u0105g\u00f3w i kolei linowych. Mi\u0142ej lektury i&#8230; udanej podr\u00f3\u017cy!<\/p>\n<p><strong><a href=\"https:\/\/snow.cz\/clanek\/8095-havarie-lanovek-davne-i-nedavne-nehody-pomohly-ucinit-z-lanovych-drah-jeden-z-nejbezpecnejsich-dopravnich-prostredku\" target=\"_blank\" rel=\"noopener\">LINK: snow.cz<\/a><\/strong><\/p>\n<div class=\"mceTemp\"><\/div>\n<figure id=\"attachment_6239\" aria-describedby=\"caption-attachment-6239\" style=\"width: 372px\" class=\"wp-caption aligncenter\"><img loading=\"lazy\" class=\"wp-image-6239 size-full\" src=\"https:\/\/www.skibum.pl\/wp-content\/uploads\/2025\/11\/2.jpg\" alt=\"\" width=\"372\" height=\"378\" srcset=\"https:\/\/www.skibum.pl\/wp-content\/uploads\/2025\/11\/2.jpg 372w, https:\/\/www.skibum.pl\/wp-content\/uploads\/2025\/11\/2-295x300.jpg 295w\" sizes=\"(max-width: 372px) 100vw, 372px\" \/><figcaption id=\"caption-attachment-6239\" class=\"wp-caption-text\">Fot.: snow.cz<\/figcaption><\/figure>\n<h1>Kr\u0119cio\u0142a Ski<\/h1>\n<p>Na TikToku mo\u017cna obejrze\u0107 filmy z lud\u017ami przebiegaj\u0105cymi maraton w kuchni, 10km w toalecie, a tak\u017ce ca\u0142e mn\u00f3stwo innych wyzwa\u0144. Zapewne to zainspirowa\u0142o niemieckiego narciarza i redaktora serwisu skiresort.info do pobicia dw\u00f3ch rekord\u00f3w \u015bwiata w je\u017adzie na nartach w hali. W narciarskim, krytym obiekcie pod Hamburgiem, kr\u0119c\u0105c si\u0119 niczym chomik w ko\u0142owrotku, Oliver Kern zjecha\u0142 ponad 20 km przewy\u017cszenia w ci\u0105gu 24 godzin i ponad 900 m w godzin\u0119.\u00a0 Teleexpress bez w\u0105tpienia doda\u0142by go do &#8222;Galerii os\u00f3b pozytywnie zakr\u0119conych&#8221;!<\/p>\n<p><strong><a href=\"https:\/\/www.skiresort.info\/world-records\/skiresort-world-record-no-8-oliver-kern\/\" target=\"_blank\" rel=\"noopener\">LINK: skiresort.info<\/a><\/strong><\/p>\n<div class=\"mceTemp\"><\/div>\n<figure id=\"attachment_6240\" aria-describedby=\"caption-attachment-6240\" style=\"width: 525px\" class=\"wp-caption aligncenter\"><img loading=\"lazy\" class=\"wp-image-6240 size-large\" src=\"https:\/\/www.skibum.pl\/wp-content\/uploads\/2025\/11\/1-1024x769.jpg\" alt=\"\" width=\"525\" height=\"394\" srcset=\"https:\/\/www.skibum.pl\/wp-content\/uploads\/2025\/11\/1-1024x769.jpg 1024w, https:\/\/www.skibum.pl\/wp-content\/uploads\/2025\/11\/1-300x225.jpg 300w, https:\/\/www.skibum.pl\/wp-content\/uploads\/2025\/11\/1-768x577.jpg 768w, https:\/\/www.skibum.pl\/wp-content\/uploads\/2025\/11\/1-1536x1153.jpg 1536w, https:\/\/www.skibum.pl\/wp-content\/uploads\/2025\/11\/1-2048x1538.jpg 2048w\" sizes=\"(max-width: 525px) 100vw, 525px\" \/><figcaption id=\"caption-attachment-6240\" class=\"wp-caption-text\">Fot.: skiresort.info<\/figcaption><\/figure>\n<h1>Narciarskie trendy prosto z Portugalii<\/h1>\n<p>Narciarstwo to nieustannie ewoluuj\u0105cy styl \u017cycia. Je\u015bli zatem zastanawiasz si\u0119, co b\u0119dzie modne na stokach w sezonie 2025\/26, to The Portugal News przewiduje kilka trend\u00f3w, kt\u00f3re zaskakuj\u0105co koresponduj\u0105 z rosn\u0105cymi kosztami narciarstwa. Trendem ma by\u0107 m.in. wcze\u015bniejsze (a przez to ta\u0144sze) rezerwowanie wyjazd\u00f3w, odwiedziny w niszowych (a przez to ta\u0144szych) o\u015brodkach, czy kupowanie u\u017cywanego (a przez to ta\u0144szego) sprz\u0119tu z drugiej r\u0119ki (ostatni trend sam intensywnie kszta\u0142towa\u0142em sam na prze\u0142omie lat dziewi\u0119\u0107dziesi\u0105tych i dwutysi\u0119cznych).<\/p>\n<p><strong><a href=\"https:\/\/www.theportugalnews.com\/news\/2025-10-19\/what-will-the-ski-holiday-trends-be-this-winter\/903242\" target=\"_blank\" rel=\"noopener\">LINK: theportugalnews.com<\/a><\/strong><\/p>\n<div class=\"mceTemp\"><\/div>\n<figure id=\"attachment_6242\" aria-describedby=\"caption-attachment-6242\" style=\"width: 525px\" class=\"wp-caption aligncenter\"><img loading=\"lazy\" class=\"wp-image-6242 size-large\" src=\"https:\/\/www.skibum.pl\/wp-content\/uploads\/2025\/11\/4-1024x683.jpg\" alt=\"\" width=\"525\" height=\"350\" srcset=\"https:\/\/www.skibum.pl\/wp-content\/uploads\/2025\/11\/4-1024x683.jpg 1024w, https:\/\/www.skibum.pl\/wp-content\/uploads\/2025\/11\/4-300x200.jpg 300w, https:\/\/www.skibum.pl\/wp-content\/uploads\/2025\/11\/4-768x512.jpg 768w, https:\/\/www.skibum.pl\/wp-content\/uploads\/2025\/11\/4-1536x1024.jpg 1536w, https:\/\/www.skibum.pl\/wp-content\/uploads\/2025\/11\/4.jpg 1680w\" sizes=\"(max-width: 525px) 100vw, 525px\" \/><figcaption id=\"caption-attachment-6242\" class=\"wp-caption-text\">Fot. theportugalnews.com.<\/figcaption><\/figure>\n<h1>Sezon ma kilka miesi\u0119cy &#8211; wybierz najlepszy dla siebie!<\/h1>\n<p>Na nartach w Europie mo\u017cna je\u017adzi\u0107 przez wiele miesi\u0119cy, ale r\u00f3\u017cne okresy charakteryzuj\u0105 si\u0119 swoj\u0105 specyfik\u0105. Kiedy jest sporo \u015bniegu i ma\u0142o ludzi, a kiedy jest odwrotnie? Jak unikn\u0105\u0107 kolejek i\/lub bankructwa? W jakim czasie proporcje s\u0142o\u0144ca i \u015bniegu s\u0105 idealne? Na te pytania odpowiada tekst z Maison Sport.<\/p>\n<p><strong><a href=\"https:\/\/maisonsport.com\/en\/blog\/best-time-to-go-skiing-in-europe\" target=\"_blank\" rel=\"noopener\">LINK: maisonsport.com<\/a><\/strong><\/p>\n<p><a href=\"https:\/\/www.skibum.pl\/wp-content\/uploads\/2025\/11\/5.jpg\"><img loading=\"lazy\" class=\"aligncenter size-full wp-image-6243\" src=\"https:\/\/www.skibum.pl\/wp-content\/uploads\/2025\/11\/5.jpg\" alt=\"\" width=\"718\" height=\"529\" srcset=\"https:\/\/www.skibum.pl\/wp-content\/uploads\/2025\/11\/5.jpg 718w, https:\/\/www.skibum.pl\/wp-content\/uploads\/2025\/11\/5-300x221.jpg 300w\" sizes=\"(max-width: 718px) 100vw, 718px\" \/><\/a><\/p>\n<h2 style=\"text-align: center;\"><a href=\"https:\/\/www.skibum.pl\/index.php\/newski-newsletter-skibum-pl\/\">POWR\u00d3T<\/a><\/h2>\n","protected":false},"excerpt":{"rendered":"<p>W pa\u017adzierniku sezon narciarski powoli si\u0119 rozkr\u0119ca. Zobaczmy zatem, jakie niespodzianki dla nas szykuje. W najnowszym newsletterze dowiecie si\u0119, dlaczego nie chc\u0105 nam sprzedawa\u0107 karnet\u00f3w, jakie niebezpiecze\u0144stwa czaj\u0105 si\u0119 w kolejkach linowych, jaki rekord \u015bwiata w je\u017adzie na nartach mo\u017cna ustanowi\u0107 nie jad\u0105c w og\u00f3le w g\u00f3ry, co w tym roku b\u0119dzie trendy i czego &hellip; <\/p>\n<p class=\"link-more\"><a href=\"https:\/\/www.skibum.pl\/index.php\/newski-pazdziernik-2025\/\" class=\"more-link\">Czytaj dalej<span class=\"screen-reader-text\"> NEWSKI &#8211; PA\u0179DZIERNIK 2025<\/span><\/a><\/p>\n","protected":false},"author":1,"featured_media":6165,"parent":0,"menu_order":0,"comment_status":"closed","ping_status":"closed","template":"","meta":[],"yoast_head":"<!-- This site is optimized with the Yoast SEO plugin v16.1.1 - https:\/\/yoast.com\/wordpress\/plugins\/seo\/ -->\n<title>NEWSKI - PA\u0179DZIERNIK 2025 - SkiBum.pl<\/title>\n<link rel=\"canonical\" href=\"https:\/\/www.skibum.pl\/index.php\/newski-pazdziernik-2025\/\" \/>\n<meta property=\"og:locale\" content=\"pl_PL\" \/>\n<meta property=\"og:type\" content=\"article\" \/>\n<meta property=\"og:title\" content=\"NEWSKI - PA\u0179DZIERNIK 2025 - SkiBum.pl\" \/>\n<meta property=\"og:description\" content=\"W pa\u017adzierniku sezon narciarski powoli si\u0119 rozkr\u0119ca. Zobaczmy zatem, jakie niespodzianki dla nas szykuje. W najnowszym newsletterze dowiecie si\u0119, dlaczego nie chc\u0105 nam sprzedawa\u0107 karnet\u00f3w, jakie niebezpiecze\u0144stwa czaj\u0105 si\u0119 w kolejkach linowych, jaki rekord \u015bwiata w je\u017adzie na nartach mo\u017cna ustanowi\u0107 nie jad\u0105c w og\u00f3le w g\u00f3ry, co w tym roku b\u0119dzie trendy i czego &hellip; Czytaj dalej NEWSKI &#8211; PA\u0179DZIERNIK 2025\" \/>\n<meta property=\"og:url\" content=\"https:\/\/www.skibum.pl\/index.php\/newski-pazdziernik-2025\/\" \/>\n<meta property=\"og:site_name\" content=\"SkiBum.pl\" \/>\n<meta property=\"article:modified_time\" content=\"2025-11-02T21:21:07+00:00\" \/>\n<meta property=\"og:image\" content=\"https:\/\/www.skibum.pl\/wp-content\/uploads\/2025\/09\/newski-1-e1756931362690.png\" \/>\n\t<meta property=\"og:image:width\" content=\"1524\" \/>\n\t<meta property=\"og:image:height\" content=\"721\" \/>\n<meta name=\"twitter:card\" content=\"summary_large_image\" \/>\n<meta name=\"twitter:label1\" content=\"Szacowany czas czytania\">\n\t<meta name=\"twitter:data1\" content=\"4 minuty\">\n<script type=\"application\/ld+json\" class=\"yoast-schema-graph\">{\"@context\":\"https:\/\/schema.org\",\"@graph\":[{\"@type\":[\"Person\",\"Organization\"],\"@id\":\"https:\/\/www.skibum.pl\/#\/schema\/person\/b74385c885ac19df4fcc5a6cfed5764f\",\"name\":\"skibum\",\"image\":{\"@type\":\"ImageObject\",\"@id\":\"https:\/\/www.skibum.pl\/#personlogo\",\"inLanguage\":\"pl-PL\",\"url\":\"http:\/\/skibum.pl\/wp-content\/uploads\/2021\/04\/miniatura.jpg\",\"contentUrl\":\"http:\/\/skibum.pl\/wp-content\/uploads\/2021\/04\/miniatura.jpg\",\"width\":542,\"height\":542,\"caption\":\"skibum\"},\"logo\":{\"@id\":\"https:\/\/www.skibum.pl\/#personlogo\"}},{\"@type\":\"WebSite\",\"@id\":\"https:\/\/www.skibum.pl\/#website\",\"url\":\"https:\/\/www.skibum.pl\/\",\"name\":\"SkiBum.pl\",\"description\":\"Sezon nie ko\\u0144czy si\\u0119 nigdy!\",\"publisher\":{\"@id\":\"https:\/\/www.skibum.pl\/#\/schema\/person\/b74385c885ac19df4fcc5a6cfed5764f\"},\"potentialAction\":[{\"@type\":\"SearchAction\",\"target\":\"https:\/\/www.skibum.pl\/?s={search_term_string}\",\"query-input\":\"required name=search_term_string\"}],\"inLanguage\":\"pl-PL\"},{\"@type\":\"ImageObject\",\"@id\":\"https:\/\/www.skibum.pl\/index.php\/newski-pazdziernik-2025\/#primaryimage\",\"inLanguage\":\"pl-PL\",\"url\":\"https:\/\/www.skibum.pl\/wp-content\/uploads\/2025\/09\/newski-1-e1756931362690.png\",\"contentUrl\":\"https:\/\/www.skibum.pl\/wp-content\/uploads\/2025\/09\/newski-1-e1756931362690.png\",\"width\":1524,\"height\":721},{\"@type\":\"WebPage\",\"@id\":\"https:\/\/www.skibum.pl\/index.php\/newski-pazdziernik-2025\/#webpage\",\"url\":\"https:\/\/www.skibum.pl\/index.php\/newski-pazdziernik-2025\/\",\"name\":\"NEWSKI - PA\\u0179DZIERNIK 2025 - SkiBum.pl\",\"isPartOf\":{\"@id\":\"https:\/\/www.skibum.pl\/#website\"},\"primaryImageOfPage\":{\"@id\":\"https:\/\/www.skibum.pl\/index.php\/newski-pazdziernik-2025\/#primaryimage\"},\"datePublished\":\"2025-11-02T19:23:09+00:00\",\"dateModified\":\"2025-11-02T21:21:07+00:00\",\"breadcrumb\":{\"@id\":\"https:\/\/www.skibum.pl\/index.php\/newski-pazdziernik-2025\/#breadcrumb\"},\"inLanguage\":\"pl-PL\",\"potentialAction\":[{\"@type\":\"ReadAction\",\"target\":[\"https:\/\/www.skibum.pl\/index.php\/newski-pazdziernik-2025\/\"]}]},{\"@type\":\"BreadcrumbList\",\"@id\":\"https:\/\/www.skibum.pl\/index.php\/newski-pazdziernik-2025\/#breadcrumb\",\"itemListElement\":[{\"@type\":\"ListItem\",\"position\":1,\"item\":{\"@type\":\"WebPage\",\"@id\":\"https:\/\/www.skibum.pl\/\",\"url\":\"https:\/\/www.skibum.pl\/\",\"name\":\"Strona g\\u0142\\u00f3wna\"}},{\"@type\":\"ListItem\",\"position\":2,\"item\":{\"@type\":\"WebPage\",\"@id\":\"https:\/\/www.skibum.pl\/index.php\/newski-pazdziernik-2025\/\",\"url\":\"https:\/\/www.skibum.pl\/index.php\/newski-pazdziernik-2025\/\",\"name\":\"NEWSKI &#8211; PA\\u0179DZIERNIK 2025\"}}]}]}<\/script>\n<!-- \/ Yoast SEO plugin. -->","_links":{"self":[{"href":"https:\/\/www.skibum.pl\/index.php\/wp-json\/wp\/v2\/pages\/6237"}],"collection":[{"href":"https:\/\/www.skibum.pl\/index.php\/wp-json\/wp\/v2\/pages"}],"about":[{"href":"https:\/\/www.skibum.pl\/index.php\/wp-json\/wp\/v2\/types\/page"}],"author":[{"embeddable":true,"href":"https:\/\/www.skibum.pl\/index.php\/wp-json\/wp\/v2\/users\/1"}],"replies":[{"embeddable":true,"href":"https:\/\/www.skibum.pl\/index.php\/wp-json\/wp\/v2\/comments?post=6237"}],"version-history":[{"count":5,"href":"https:\/\/www.skibum.pl\/index.php\/wp-json\/wp\/v2\/pages\/6237\/revisions"}],"predecessor-version":[{"id":6249,"href":"https:\/\/www.skibum.pl\/index.php\/wp-json\/wp\/v2\/pages\/6237\/revisions\/6249"}],"wp:featuredmedia":[{"embeddable":true,"href":"https:\/\/www.skibum.pl\/index.php\/wp-json\/wp\/v2\/media\/6165"}],"wp:attachment":[{"href":"https:\/\/www.skibum.pl\/index.php\/wp-json\/wp\/v2\/media?parent=6237"}],"curies":[{"name":"wp","href":"https:\/\/api.w.org\/{rel}","templated":true}]}}