{"id":6414,"date":"2026-01-04T13:48:39","date_gmt":"2026-01-04T13:48:39","guid":{"rendered":"https:\/\/www.skibum.pl\/?page_id=6414"},"modified":"2026-01-04T21:26:16","modified_gmt":"2026-01-04T21:26:16","slug":"newski-grudzien-2025","status":"publish","type":"page","link":"https:\/\/www.skibum.pl\/index.php\/newski-grudzien-2025\/","title":{"rendered":"NEWSKI &#8211; GRUDZIE\u0143 2025"},"content":{"rendered":"<h3>Czas na kolejny przegl\u0105d NEWSK\u00d3W &#8211; dzisiaj najciekawsze teksty z grudnia, a w nich:<br \/>\n&#8211; Mambo D\u017cambo ski resort<br \/>\n&#8211; Szalony pomys\u0142 &#8211; narty w Polsce!<br \/>\n&#8211; Eksplozja formy, ale nie chodzi o narciarzy<br \/>\n&#8211; Narciarskie Oscary przyznane &#8211; Karpacz zn\u00f3w musia\u0142 obej\u015b\u0107 si\u0119 smakiem&#8230;<br \/>\n&#8211; Braveheart &#8211; edycja zimowa<\/h3>\n<h3>Zapraszam do lektury:<\/h3>\n<h1>Mambo D\u017cambo ski resort<\/h1>\n<p>W poszukiwaniu alternatywnych dla Alp destynacji, mo\u017cemy spojrze\u0107 na Azj\u0119 i Pakistan. Tamtejsza Swat Valley ma ambicj\u0119 sta\u0107 si\u0119 siln\u0105 konkurencj\u0105 dla Europy, a na jej per\u0142\u0119 wyrasta o\u015brodek Malam Jamba (czyt. Mambo D\u017cambo). Promocyjne teksty m\u00f3wi\u0105 o bogatym dziedzictwie kulturowym i licznych aktywno\u015bciach, cho\u0107 na stronie samego o\u015brodka trudno znale\u017a\u0107 ceny skipas\u00f3w jako takich, a wszelkim dost\u0119pnym, narciarskim aktywno\u015bciom towarzysz\u0105 &#8222;instruktorzy&#8221; i &#8222;przewodnicy&#8221;.,,<\/p>\n<p><a href=\"https:\/\/www.travelandtourworld.com\/news\/article\/swat-valley-emerges-as-pakistans-premier-winter-destination-with-snow-sports-cultural-charm-and-scenic-beauty\/\" target=\"_blank\" rel=\"noopener\"><strong>LINK: travelandtourworld.com<\/strong><\/a><\/p>\n<figure id=\"attachment_6415\" aria-describedby=\"caption-attachment-6415\" style=\"width: 525px\" class=\"wp-caption aligncenter\"><a href=\"https:\/\/www.skibum.pl\/wp-content\/uploads\/2026\/01\/Swat-Valley.jpg\"><img loading=\"lazy\" class=\"wp-image-6415\" src=\"https:\/\/www.skibum.pl\/wp-content\/uploads\/2026\/01\/Swat-Valley.jpg\" alt=\"\" width=\"525\" height=\"350\" srcset=\"https:\/\/www.skibum.pl\/wp-content\/uploads\/2026\/01\/Swat-Valley.jpg 850w, https:\/\/www.skibum.pl\/wp-content\/uploads\/2026\/01\/Swat-Valley-300x200.jpg 300w, https:\/\/www.skibum.pl\/wp-content\/uploads\/2026\/01\/Swat-Valley-768x512.jpg 768w\" sizes=\"(max-width: 525px) 100vw, 525px\" \/><\/a><figcaption id=\"caption-attachment-6415\" class=\"wp-caption-text\">Fot.: travelandtourworld.com<\/figcaption><\/figure>\n<h1>Szalony pomys\u0142: na narty do Polski!<\/h1>\n<p>Cho\u0107 ja lubi\u0119 sobie po\u015bmieszkowa\u0107 z oferty narciarskiej rodzimych o\u015brodk\u00f3w, to s\u0105 tacy, kt\u00f3rzy polecaj\u0105 Polsk\u0119 jako narciarsk\u0105 destynacj\u0119! W tek\u015bcie jest kilka nie\u015bcis\u0142o\u015bci: np. \u017ce Karpacz oferuje 6 km tras narciarskich (powinno by\u0107: &#8222;nieczynnych&#8221;), albo \u017ce Czarna G\u00f3ra na Dolnym \u015al\u0105sku jest stacj\u0105 &#8222;cich\u0105&#8221;. Autor uczciwie przyznaje jednak, \u017ce w weekendy robi si\u0119 t\u0142oczno i poleca planowa\u0107 wyjazd w \u015brodku tygodnia oraz aby raczej omija\u0107 ferie zimowe. Og\u00f3lnie &#8211; ca\u0142kiem mi\u0142y tekst.<\/p>\n<p><strong><a href=\"https:\/\/europa.tips\/en\/poland-ski-resorts\" target=\"_blank\" rel=\"noopener\">LINK:\u00a0 Europa.tips<\/a><\/strong><\/p>\n<div class=\"mceTemp\"><\/div>\n<figure id=\"attachment_6416\" aria-describedby=\"caption-attachment-6416\" style=\"width: 525px\" class=\"wp-caption aligncenter\"><a href=\"https:\/\/www.skibum.pl\/wp-content\/uploads\/2026\/01\/Polonya.jpg\"><img loading=\"lazy\" class=\"wp-image-6416 size-large\" src=\"https:\/\/www.skibum.pl\/wp-content\/uploads\/2026\/01\/Polonya-1024x576.jpg\" alt=\"\" width=\"525\" height=\"295\" srcset=\"https:\/\/www.skibum.pl\/wp-content\/uploads\/2026\/01\/Polonya-1024x576.jpg 1024w, https:\/\/www.skibum.pl\/wp-content\/uploads\/2026\/01\/Polonya-300x169.jpg 300w, https:\/\/www.skibum.pl\/wp-content\/uploads\/2026\/01\/Polonya-768x432.jpg 768w, https:\/\/www.skibum.pl\/wp-content\/uploads\/2026\/01\/Polonya.jpg 1280w\" sizes=\"(max-width: 525px) 100vw, 525px\" \/><\/a><figcaption id=\"caption-attachment-6416\" class=\"wp-caption-text\">Fot.: Europa.tips (nie dyskutuj\u0119 z tym, czy to faktycznie Polska \ud83d\ude09<\/figcaption><\/figure>\n<h1>Szusowanie na (aktywnym) wulkanie<\/h1>\n<p>W 2019 r. je\u017adzi\u0142em na wulkanie Etna na Sycylii i wtedy wulkan lekko i przyja\u017anie dymi\u0142 z krateru. W grudniu 2025 jego forma eksplodowa\u0142a i przywali\u0142 porz\u0105dnie, a narciarze je\u017adzili przy akompaniamencie wulkanicznych wybuch\u00f3w i w chmurze czarnego dymu. Je\u015bli nie macie czasu lecie\u0107 na Sycyli\u0119, to podobnych wra\u017ce\u0144 mo\u017cecie do\u015bwiadczy\u0107 w Ziele\u0144cu po 16.00, gdy odje\u017cd\u017caj\u0105cy narciarze odpalaj\u0105 swoje Passaty TDI i muzyk\u0119 w radio. A film z Etny zobaczycie w artykule na stronie Washington Post.<\/p>\n<p><strong><a href=\"https:\/\/www.washingtonpost.com\/world\/2025\/12\/28\/mount-etna-skiing-eruption\/\" target=\"_blank\" rel=\"noopener\">LINK: Washingtonpost.com<\/a><\/strong><\/p>\n<div class=\"mceTemp\"><\/div>\n<figure id=\"attachment_6418\" aria-describedby=\"caption-attachment-6418\" style=\"width: 525px\" class=\"wp-caption aligncenter\"><a href=\"https:\/\/www.skibum.pl\/wp-content\/uploads\/2026\/01\/videoframe_14090.png\"><img loading=\"lazy\" class=\"wp-image-6418 size-large\" src=\"https:\/\/www.skibum.pl\/wp-content\/uploads\/2026\/01\/videoframe_14090-1024x576.png\" alt=\"\" width=\"525\" height=\"295\" srcset=\"https:\/\/www.skibum.pl\/wp-content\/uploads\/2026\/01\/videoframe_14090-1024x576.png 1024w, https:\/\/www.skibum.pl\/wp-content\/uploads\/2026\/01\/videoframe_14090-300x169.png 300w, https:\/\/www.skibum.pl\/wp-content\/uploads\/2026\/01\/videoframe_14090-768x432.png 768w, https:\/\/www.skibum.pl\/wp-content\/uploads\/2026\/01\/videoframe_14090-1536x864.png 1536w, https:\/\/www.skibum.pl\/wp-content\/uploads\/2026\/01\/videoframe_14090.png 1920w\" sizes=\"(max-width: 525px) 100vw, 525px\" \/><\/a><figcaption id=\"caption-attachment-6418\" class=\"wp-caption-text\">Fot.: Washingtonpost.com<\/figcaption><\/figure>\n<h1>And the winner is&#8230;<\/h1>\n<p>Jak co roku dropn\u0119\u0142y wyniki &#8222;World Ski Awards&#8221; i tytu\u0142y dla najlepszych o\u015brodk\u00f3w, hoteli czy operator\u00f3w narciarskich. Zestawienia tworzone s\u0105 dla poszczeg\u00f3lnych kontynent\u00f3w i kraj\u00f3w, wi\u0119c mo\u017cemy pozna\u0107 ulubione (bo wybierane g\u0142osami narciarzy) destynacje w r\u00f3\u017cnych cz\u0119\u015bciach \u015bwiata. Kto wygra\u0142 w Polsce &#8211; nie zdradz\u0119, ale dodam tylko, \u017ce nie by\u0142 to ani Karpacz, ani Szklarska&#8230;<\/p>\n<p><strong><a href=\"https:\/\/worldskiawards.com\/winners\/2025\" target=\"_blank\" rel=\"noopener\">LINK: Worldskiawards.com<\/a><\/strong><\/p>\n<div class=\"mceTemp\"><\/div>\n<p><a href=\"https:\/\/www.skibum.pl\/wp-content\/uploads\/2026\/01\/Zrzut-ekranu-2026-01-04-143101.jpg\"><img loading=\"lazy\" class=\"aligncenter wp-image-6419\" src=\"https:\/\/www.skibum.pl\/wp-content\/uploads\/2026\/01\/Zrzut-ekranu-2026-01-04-143101.jpg\" alt=\"\" width=\"525\" height=\"240\" srcset=\"https:\/\/www.skibum.pl\/wp-content\/uploads\/2026\/01\/Zrzut-ekranu-2026-01-04-143101.jpg 1020w, https:\/\/www.skibum.pl\/wp-content\/uploads\/2026\/01\/Zrzut-ekranu-2026-01-04-143101-300x137.jpg 300w, https:\/\/www.skibum.pl\/wp-content\/uploads\/2026\/01\/Zrzut-ekranu-2026-01-04-143101-768x352.jpg 768w\" sizes=\"(max-width: 525px) 100vw, 525px\" \/><\/a><\/p>\n<h1>Braveheart na \u015bniegu.<\/h1>\n<p>Szkocja w og\u00f3le nie kojarzy si\u0119 z nartami, cho\u0107 o\u015brodk\u00f3w o du\u017cych tradycjach jest tu sporo; Glencoe, Cairngorms, Nevis Range, Lecht&#8230; W ostatnich latach \u015bniegu jest bardzo ma\u0142o i sezon, kt\u00f3ry w przesz\u0142o\u015bci trwa\u0142 od \u015bwi\u0105t Bo\u017cego Narodzenia do Wielkanocy, skr\u00f3ci\u0142 si\u0119 do jakiego\u015b 1,5 miesi\u0105ca. Szans\u0105 jest produkcja sztucznego \u015bniegu, kt\u00f3ry pozwoli na cho\u0107by ograniczone szusowanie, przynajmniej do czasu, gdy nie sypnie z nieba&#8230; Ciekawa analiza przysz\u0142o\u015bci szkockiego narciarstwa w linku poni\u017cej:<\/p>\n<p><strong><a href=\"https:\/\/news.stv.tv\/highlands-islands\/how-man-made-snow-is-ensuring-a-future-for-scotlands-ski-resorts\" target=\"_blank\" rel=\"noopener\">LINK: News.stv.tv<\/a><\/strong><\/p>\n<figure id=\"attachment_6421\" aria-describedby=\"caption-attachment-6421\" style=\"width: 525px\" class=\"wp-caption aligncenter\"><a href=\"https:\/\/www.skibum.pl\/wp-content\/uploads\/2026\/01\/181225_Ski_Scotland_collage__1_.jpg\"><img loading=\"lazy\" class=\"wp-image-6421 size-large\" src=\"https:\/\/www.skibum.pl\/wp-content\/uploads\/2026\/01\/181225_Ski_Scotland_collage__1_-1024x576.jpg\" alt=\"\" width=\"525\" height=\"295\" srcset=\"https:\/\/www.skibum.pl\/wp-content\/uploads\/2026\/01\/181225_Ski_Scotland_collage__1_-1024x576.jpg 1024w, https:\/\/www.skibum.pl\/wp-content\/uploads\/2026\/01\/181225_Ski_Scotland_collage__1_-300x169.jpg 300w, https:\/\/www.skibum.pl\/wp-content\/uploads\/2026\/01\/181225_Ski_Scotland_collage__1_-768x432.jpg 768w, https:\/\/www.skibum.pl\/wp-content\/uploads\/2026\/01\/181225_Ski_Scotland_collage__1_-1536x864.jpg 1536w, https:\/\/www.skibum.pl\/wp-content\/uploads\/2026\/01\/181225_Ski_Scotland_collage__1_.jpg 1920w\" sizes=\"(max-width: 525px) 100vw, 525px\" \/><\/a><figcaption id=\"caption-attachment-6421\" class=\"wp-caption-text\">Fot.: News.stv.tv<\/figcaption><\/figure>\n<h2 style=\"text-align: center;\"><a href=\"https:\/\/www.skibum.pl\/index.php\/newski-newsletter-skibum-pl\/\">POWR\u00d3T<\/a><\/h2>\n","protected":false},"excerpt":{"rendered":"<p>Czas na kolejny przegl\u0105d NEWSK\u00d3W &#8211; dzisiaj najciekawsze teksty z grudnia, a w nich: &#8211; Mambo D\u017cambo ski resort &#8211; Szalony pomys\u0142 &#8211; narty w Polsce! &#8211; Eksplozja formy, ale nie chodzi o narciarzy &#8211; Narciarskie Oscary przyznane &#8211; Karpacz zn\u00f3w musia\u0142 obej\u015b\u0107 si\u0119 smakiem&#8230; &#8211; Braveheart &#8211; edycja zimowa Zapraszam do lektury: Mambo D\u017cambo &hellip; <\/p>\n<p class=\"link-more\"><a href=\"https:\/\/www.skibum.pl\/index.php\/newski-grudzien-2025\/\" class=\"more-link\">Czytaj dalej<span class=\"screen-reader-text\"> NEWSKI &#8211; GRUDZIE\u0143 2025<\/span><\/a><\/p>\n","protected":false},"author":1,"featured_media":6165,"parent":0,"menu_order":0,"comment_status":"closed","ping_status":"closed","template":"","meta":[],"yoast_head":"<!-- This site is optimized with the Yoast SEO plugin v16.1.1 - https:\/\/yoast.com\/wordpress\/plugins\/seo\/ -->\n<title>NEWSKI - GRUDZIE\u0143 2025 - SkiBum.pl<\/title>\n<link rel=\"canonical\" href=\"https:\/\/www.skibum.pl\/index.php\/newski-grudzien-2025\/\" \/>\n<meta property=\"og:locale\" content=\"pl_PL\" \/>\n<meta property=\"og:type\" content=\"article\" \/>\n<meta property=\"og:title\" content=\"NEWSKI - GRUDZIE\u0143 2025 - SkiBum.pl\" \/>\n<meta property=\"og:description\" content=\"Czas na kolejny przegl\u0105d NEWSK\u00d3W &#8211; dzisiaj najciekawsze teksty z grudnia, a w nich: &#8211; Mambo D\u017cambo ski resort &#8211; Szalony pomys\u0142 &#8211; narty w Polsce! &#8211; Eksplozja formy, ale nie chodzi o narciarzy &#8211; Narciarskie Oscary przyznane &#8211; Karpacz zn\u00f3w musia\u0142 obej\u015b\u0107 si\u0119 smakiem&#8230; &#8211; Braveheart &#8211; edycja zimowa Zapraszam do lektury: Mambo D\u017cambo &hellip; Czytaj dalej NEWSKI &#8211; GRUDZIE\u0143 2025\" \/>\n<meta property=\"og:url\" content=\"https:\/\/www.skibum.pl\/index.php\/newski-grudzien-2025\/\" \/>\n<meta property=\"og:site_name\" content=\"SkiBum.pl\" \/>\n<meta property=\"article:modified_time\" content=\"2026-01-04T21:26:16+00:00\" \/>\n<meta property=\"og:image\" content=\"https:\/\/www.skibum.pl\/wp-content\/uploads\/2025\/09\/newski-1-e1756931362690.png\" \/>\n\t<meta property=\"og:image:width\" content=\"1524\" \/>\n\t<meta property=\"og:image:height\" content=\"721\" \/>\n<meta name=\"twitter:card\" content=\"summary_large_image\" \/>\n<meta name=\"twitter:label1\" content=\"Szacowany czas czytania\">\n\t<meta name=\"twitter:data1\" content=\"3 minuty\">\n<script type=\"application\/ld+json\" class=\"yoast-schema-graph\">{\"@context\":\"https:\/\/schema.org\",\"@graph\":[{\"@type\":[\"Person\",\"Organization\"],\"@id\":\"https:\/\/www.skibum.pl\/#\/schema\/person\/b74385c885ac19df4fcc5a6cfed5764f\",\"name\":\"skibum\",\"image\":{\"@type\":\"ImageObject\",\"@id\":\"https:\/\/www.skibum.pl\/#personlogo\",\"inLanguage\":\"pl-PL\",\"url\":\"http:\/\/skibum.pl\/wp-content\/uploads\/2021\/04\/miniatura.jpg\",\"contentUrl\":\"http:\/\/skibum.pl\/wp-content\/uploads\/2021\/04\/miniatura.jpg\",\"width\":542,\"height\":542,\"caption\":\"skibum\"},\"logo\":{\"@id\":\"https:\/\/www.skibum.pl\/#personlogo\"}},{\"@type\":\"WebSite\",\"@id\":\"https:\/\/www.skibum.pl\/#website\",\"url\":\"https:\/\/www.skibum.pl\/\",\"name\":\"SkiBum.pl\",\"description\":\"Sezon nie ko\\u0144czy si\\u0119 nigdy!\",\"publisher\":{\"@id\":\"https:\/\/www.skibum.pl\/#\/schema\/person\/b74385c885ac19df4fcc5a6cfed5764f\"},\"potentialAction\":[{\"@type\":\"SearchAction\",\"target\":\"https:\/\/www.skibum.pl\/?s={search_term_string}\",\"query-input\":\"required name=search_term_string\"}],\"inLanguage\":\"pl-PL\"},{\"@type\":\"ImageObject\",\"@id\":\"https:\/\/www.skibum.pl\/index.php\/newski-grudzien-2025\/#primaryimage\",\"inLanguage\":\"pl-PL\",\"url\":\"https:\/\/www.skibum.pl\/wp-content\/uploads\/2025\/09\/newski-1-e1756931362690.png\",\"contentUrl\":\"https:\/\/www.skibum.pl\/wp-content\/uploads\/2025\/09\/newski-1-e1756931362690.png\",\"width\":1524,\"height\":721},{\"@type\":\"WebPage\",\"@id\":\"https:\/\/www.skibum.pl\/index.php\/newski-grudzien-2025\/#webpage\",\"url\":\"https:\/\/www.skibum.pl\/index.php\/newski-grudzien-2025\/\",\"name\":\"NEWSKI - GRUDZIE\\u0143 2025 - SkiBum.pl\",\"isPartOf\":{\"@id\":\"https:\/\/www.skibum.pl\/#website\"},\"primaryImageOfPage\":{\"@id\":\"https:\/\/www.skibum.pl\/index.php\/newski-grudzien-2025\/#primaryimage\"},\"datePublished\":\"2026-01-04T13:48:39+00:00\",\"dateModified\":\"2026-01-04T21:26:16+00:00\",\"breadcrumb\":{\"@id\":\"https:\/\/www.skibum.pl\/index.php\/newski-grudzien-2025\/#breadcrumb\"},\"inLanguage\":\"pl-PL\",\"potentialAction\":[{\"@type\":\"ReadAction\",\"target\":[\"https:\/\/www.skibum.pl\/index.php\/newski-grudzien-2025\/\"]}]},{\"@type\":\"BreadcrumbList\",\"@id\":\"https:\/\/www.skibum.pl\/index.php\/newski-grudzien-2025\/#breadcrumb\",\"itemListElement\":[{\"@type\":\"ListItem\",\"position\":1,\"item\":{\"@type\":\"WebPage\",\"@id\":\"https:\/\/www.skibum.pl\/\",\"url\":\"https:\/\/www.skibum.pl\/\",\"name\":\"Strona g\\u0142\\u00f3wna\"}},{\"@type\":\"ListItem\",\"position\":2,\"item\":{\"@type\":\"WebPage\",\"@id\":\"https:\/\/www.skibum.pl\/index.php\/newski-grudzien-2025\/\",\"url\":\"https:\/\/www.skibum.pl\/index.php\/newski-grudzien-2025\/\",\"name\":\"NEWSKI &#8211; GRUDZIE\\u0143 2025\"}}]}]}<\/script>\n<!-- \/ Yoast SEO plugin. -->","_links":{"self":[{"href":"https:\/\/www.skibum.pl\/index.php\/wp-json\/wp\/v2\/pages\/6414"}],"collection":[{"href":"https:\/\/www.skibum.pl\/index.php\/wp-json\/wp\/v2\/pages"}],"about":[{"href":"https:\/\/www.skibum.pl\/index.php\/wp-json\/wp\/v2\/types\/page"}],"author":[{"embeddable":true,"href":"https:\/\/www.skibum.pl\/index.php\/wp-json\/wp\/v2\/users\/1"}],"replies":[{"embeddable":true,"href":"https:\/\/www.skibum.pl\/index.php\/wp-json\/wp\/v2\/comments?post=6414"}],"version-history":[{"count":10,"href":"https:\/\/www.skibum.pl\/index.php\/wp-json\/wp\/v2\/pages\/6414\/revisions"}],"predecessor-version":[{"id":6430,"href":"https:\/\/www.skibum.pl\/index.php\/wp-json\/wp\/v2\/pages\/6414\/revisions\/6430"}],"wp:featuredmedia":[{"embeddable":true,"href":"https:\/\/www.skibum.pl\/index.php\/wp-json\/wp\/v2\/media\/6165"}],"wp:attachment":[{"href":"https:\/\/www.skibum.pl\/index.php\/wp-json\/wp\/v2\/media?parent=6414"}],"curies":[{"name":"wp","href":"https:\/\/api.w.org\/{rel}","templated":true}]}}