{"id":6437,"date":"2026-02-14T15:01:36","date_gmt":"2026-02-14T15:01:36","guid":{"rendered":"https:\/\/www.skibum.pl\/?page_id=6437"},"modified":"2026-02-14T15:22:53","modified_gmt":"2026-02-14T15:22:53","slug":"newski-styczen-2026","status":"publish","type":"page","link":"https:\/\/www.skibum.pl\/index.php\/newski-styczen-2026\/","title":{"rendered":"NEWSKI &#8211; STYCZE\u0143 2026"},"content":{"rendered":"<h3>A oto gar\u015b\u0107 pierwszych w 2026 roku NEWSK\u00d3W. W artyku\u0142ach przeczytacie m.in.<\/h3>\n<ul>\n<li>\n<h3>&#8222;Stary, a g\u0142upi&#8221; &#8211; jakie b\u0142\u0119dy pope\u0142niaj\u0105 doro\u015bli, kt\u00f3rzy bior\u0105 si\u0119 za narciarstwo.<\/h3>\n<\/li>\n<li>\n<h3>Czy warto za wszelk\u0105 cen\u0119 produkowa\u0107 \u015bnieg&#8230;<\/h3>\n<\/li>\n<li>\n<h3>&#8230; czy te\u017c mo\u017ce warto pogodzi\u0107 si\u0119 z jego brakiem.<\/h3>\n<\/li>\n<li>\n<h3>Dok\u0105d pojecha\u0107 na narty w kryzysie wieku \u015bredniego.<\/h3>\n<\/li>\n<li>\n<h3>Czy Twoja stara by\u0142a ju\u017c na zlocie narciarskich czarownic.<\/h3>\n<\/li>\n<\/ul>\n<h3>Zapraszam do lektury:<\/h3>\n<h1>Czym skorupka na staro\u015b\u0107 nasi\u0105knie&#8230;<\/h1>\n<p>Je\u015bli zabrali\u015bcie si\u0119 za narciarstwo b\u0119d\u0105 ju\u017c doros\u0142ymi,\u00a0 to sami wiecie, jakie to wyzwanie&#8230; Ski Magaize opublikowa\u0142 list\u0119 b\u0142\u0119d\u00f3w, jakie najcz\u0119\u015bciej pope\u0142niaj\u0105 doro\u015bli adepci narciarstwa. Z listy tej podobaj\u0105 mi si\u0119 dwa: zaczynanie przygody z nartami bez instruktora oraz poddawanie si\u0119 po pierwszym dniu (ten drugi b\u0142\u0105d sam kiedy\u015b pope\u0142ni\u0142em). Nie zabrak\u0142o te\u017c klasyki &#8211; siadania &#8222;na ty\u0142ach&#8221;. Sprawd\u017acie, ile Wy mo\u017cecie odhaczy\u0107 z listy. \ud83d\ude42<\/p>\n<p><a href=\"https:\/\/www.skimag.com\/intro-to-skiing\/beginner-skiers-most-common-mistakes\/\" target=\"_blank\" rel=\"noopener\"><strong>LINK: skimag.com<\/strong><\/a><\/p>\n<figure id=\"attachment_6438\" aria-describedby=\"caption-attachment-6438\" style=\"width: 525px\" class=\"wp-caption alignleft\"><a style=\"font-size: 1rem;\" href=\"https:\/\/www.skibum.pl\/wp-content\/uploads\/2026\/02\/skimag.webp\"><img loading=\"lazy\" class=\"wp-image-6438 size-large\" src=\"https:\/\/www.skibum.pl\/wp-content\/uploads\/2026\/02\/skimag-1024x683.webp\" alt=\"\" width=\"525\" height=\"350\" srcset=\"https:\/\/www.skibum.pl\/wp-content\/uploads\/2026\/02\/skimag-1024x683.webp 1024w, https:\/\/www.skibum.pl\/wp-content\/uploads\/2026\/02\/skimag-300x200.webp 300w, https:\/\/www.skibum.pl\/wp-content\/uploads\/2026\/02\/skimag-768x512.webp 768w, https:\/\/www.skibum.pl\/wp-content\/uploads\/2026\/02\/skimag-1536x1024.webp 1536w, https:\/\/www.skibum.pl\/wp-content\/uploads\/2026\/02\/skimag-2048x1366.webp 2048w\" sizes=\"(max-width: 525px) 100vw, 525px\" \/><\/a><figcaption id=\"caption-attachment-6438\" class=\"wp-caption-text\">Fot.: skimag.com<\/figcaption><\/figure>\n<h1>Ciep\u0142o, cieplej, najcieplej.<\/h1>\n<p>Deniali\u015bci klimatyczni to wyj\u0105tkowi idioci, kt\u00f3rzy opini\u0119 o globalnym klimacie kszta\u0142tuj\u0105 na podstawie aktualnego widoku z okna. Tymczasem twarde dane s\u0105 bezlitosne. Ciekawe reporta\u017c o tym, jak o\u015brodki narciarskie radz\u0105 sobie w czasie bez\u015bnie\u017cnych zim, opublikowano ostatnio w ARTE TV.<\/p>\n<p><a href=\"https:\/\/www.arte.tv\/pl\/videos\/112907-154-A\/arte-tydzien-w-europie\/\" target=\"_blank\" rel=\"noopener\"><strong>LINK:\u00a0 arte.tv<\/strong><\/a><\/p>\n<figure id=\"attachment_6439\" aria-describedby=\"caption-attachment-6439\" style=\"width: 525px\" class=\"wp-caption alignleft\"><a href=\"https:\/\/www.skibum.pl\/wp-content\/uploads\/2026\/02\/arte.jpg\"><img loading=\"lazy\" class=\"wp-image-6439 size-large\" src=\"https:\/\/www.skibum.pl\/wp-content\/uploads\/2026\/02\/arte-1024x588.jpg\" alt=\"\" width=\"525\" height=\"301\" srcset=\"https:\/\/www.skibum.pl\/wp-content\/uploads\/2026\/02\/arte-1024x588.jpg 1024w, https:\/\/www.skibum.pl\/wp-content\/uploads\/2026\/02\/arte-300x172.jpg 300w, https:\/\/www.skibum.pl\/wp-content\/uploads\/2026\/02\/arte-768x441.jpg 768w, https:\/\/www.skibum.pl\/wp-content\/uploads\/2026\/02\/arte.jpg 1124w\" sizes=\"(max-width: 525px) 100vw, 525px\" \/><\/a><figcaption id=\"caption-attachment-6439\" class=\"wp-caption-text\">Fot.: arte.tv<\/figcaption><\/figure>\n<h1>Jak si\u0119 nie ma, co si\u0119 lubi&#8230;<\/h1>\n<p>Postaw\u0105 b\u0119d\u0105c\u0105 w opozycji do wyprodukowania \u015bniegu za wszelk\u0105 cen\u0119 jest odpuszczenie i pogodzenie si\u0119 z jego brakiem. W Alpach s\u0105 regiony, kt\u00f3re przyj\u0119\u0142y tak\u0105 w\u0142a\u015bnie taktyk\u0119 i zach\u0119caj\u0105 turyst\u00f3w do pieszych w\u0119dr\u00f3wek i podziwiania pi\u0119kna g\u00f3r. Mi\u0142o\u015bnikom narciarstwa poleca si\u0119 skitouring i w\u0119dr\u00f3wki w wy\u017cszych partiach g\u00f3r. Jedn\u0105 z takich wycieczek opisuj\u0105 dziennikarze The Guardian.<\/p>\n<p><a href=\"https:\/\/www.theguardian.com\/travel\/2026\/feb\/10\/villach-austria-ski-resort-says-no-to-fake-snow\" target=\"_blank\" rel=\"noopener\"><strong>LINK: theguardian.com<\/strong><\/a><\/p>\n<figure id=\"attachment_6440\" aria-describedby=\"caption-attachment-6440\" style=\"width: 525px\" class=\"wp-caption alignleft\"><a href=\"https:\/\/www.skibum.pl\/wp-content\/uploads\/2026\/02\/fake.jpg\"><img loading=\"lazy\" class=\"wp-image-6440 size-large\" src=\"https:\/\/www.skibum.pl\/wp-content\/uploads\/2026\/02\/fake-1024x685.jpg\" alt=\"\" width=\"525\" height=\"351\" srcset=\"https:\/\/www.skibum.pl\/wp-content\/uploads\/2026\/02\/fake-1024x685.jpg 1024w, https:\/\/www.skibum.pl\/wp-content\/uploads\/2026\/02\/fake-300x201.jpg 300w, https:\/\/www.skibum.pl\/wp-content\/uploads\/2026\/02\/fake-768x513.jpg 768w, https:\/\/www.skibum.pl\/wp-content\/uploads\/2026\/02\/fake-1536x1027.jpg 1536w, https:\/\/www.skibum.pl\/wp-content\/uploads\/2026\/02\/fake.jpg 1572w\" sizes=\"(max-width: 525px) 100vw, 525px\" \/><\/a><figcaption id=\"caption-attachment-6440\" class=\"wp-caption-text\">Fot.: theguardian.com<\/figcaption><\/figure>\n<h1>Kirigistan &#8211; final boss kryzysu wieku \u015bredniego<\/h1>\n<p>Kiedy m\u0119\u017cczyzna osi\u0105ga wiek \u015bredni, musi podj\u0105\u0107 kilka wa\u017cnych decyzji, w tym: za jakie drogie hobby si\u0119 zabra\u0107. Je\u015bli hobby jest ju\u017c wybrane i jest nim na przyk\u0142ad narciastwo, wtedy trzeba zacz\u0105\u0107 je\u017adzi\u0107 w miejsca skrajnie niszowe. Je\u015bli i Wy macie takie ambicje, czym pr\u0119dzej jed\u017acie na feeride do Kirgistanu, zanim sko\u0144cz\u0105 budowa\u0107 o\u015brodek Ala Tool i kraj ten wpadnie w narciarski mainstream.<\/p>\n<p><strong><a href=\"https:\/\/www.fieldmag.com\/articles\/kyrgyzstan-skiing-guide?utm_source=chatgpt.com\" target=\"_blank\" rel=\"noopener\">LINK: fieldmag.com<\/a><\/strong><\/p>\n<div class=\"mceTemp\"><\/div>\n<figure id=\"attachment_6442\" aria-describedby=\"caption-attachment-6442\" style=\"width: 525px\" class=\"wp-caption alignleft\"><a href=\"https:\/\/www.skibum.pl\/wp-content\/uploads\/2026\/02\/joey-sackett-kyrgyzstan-ski-guide-horse-with-skis.webp\"><img loading=\"lazy\" class=\"wp-image-6442 size-large\" src=\"https:\/\/www.skibum.pl\/wp-content\/uploads\/2026\/02\/joey-sackett-kyrgyzstan-ski-guide-horse-with-skis-1024x683.webp\" alt=\"\" width=\"525\" height=\"350\" srcset=\"https:\/\/www.skibum.pl\/wp-content\/uploads\/2026\/02\/joey-sackett-kyrgyzstan-ski-guide-horse-with-skis-1024x683.webp 1024w, https:\/\/www.skibum.pl\/wp-content\/uploads\/2026\/02\/joey-sackett-kyrgyzstan-ski-guide-horse-with-skis-300x200.webp 300w, https:\/\/www.skibum.pl\/wp-content\/uploads\/2026\/02\/joey-sackett-kyrgyzstan-ski-guide-horse-with-skis-768x512.webp 768w, https:\/\/www.skibum.pl\/wp-content\/uploads\/2026\/02\/joey-sackett-kyrgyzstan-ski-guide-horse-with-skis.webp 1200w\" sizes=\"(max-width: 525px) 100vw, 525px\" \/><\/a><figcaption id=\"caption-attachment-6442\" class=\"wp-caption-text\">Fot.: fieldmag.com<\/figcaption><\/figure>\n<h1>Twoja stara ju\u017c tam je\u017adzi\u0142a.<\/h1>\n<p>Historia pewnej kobiety z XV wieku ze szwajcarskiego Valais jest do\u015b\u0107 typowa: jej ch\u0142op spad\u0142 z drzewa i si\u0119 zabi\u0142, wi\u0119c j\u0105 oskar\u017cono o czary i spalono na stosie. Wszystko to blisko 600 lat p\u00f3\u017aniej stanowi \u015bwietny pretekst, by poje\u017adzi\u0107 sobie na nartach &#8211; ka\u017cdego roku, w styczniu, w Blatten odbywa si\u0119 zjazd czarownic. Jest to zjazd w dos\u0142ownym tego s\u0142owa znaczeniu &#8211; przebrane za wied\u017amy narciarki rywalizuj\u0105 na 12-km trasie. Odbywa si\u0119 tak\u017ce konkurs kostium\u00f3w. Ja si\u0119 pytam &#8211; dlaczego nie jest to konkurencja olimpijska?!<\/p>\n<p><strong><a href=\"https:\/\/www.nationalgeographic.com\/culture\/article\/switzerland-skiing-witches-belalp-hexe?utm_source=chatgpt.com\" target=\"_blank\" rel=\"noopener\">LINK: nationalgeographic.com<\/a><\/strong><\/p>\n<figure id=\"attachment_6445\" aria-describedby=\"caption-attachment-6445\" style=\"width: 525px\" class=\"wp-caption alignleft\"><a style=\"font-weight: bold; font-size: 0.8125rem;\" href=\"https:\/\/www.skibum.pl\/wp-content\/uploads\/2026\/02\/Zrzut-ekranu-2026-02-14-1542239.jpg\"><img loading=\"lazy\" class=\"wp-image-6445 size-large\" src=\"https:\/\/www.skibum.pl\/wp-content\/uploads\/2026\/02\/Zrzut-ekranu-2026-02-14-1542239-1024x765.jpg\" alt=\"\" width=\"525\" height=\"392\" srcset=\"https:\/\/www.skibum.pl\/wp-content\/uploads\/2026\/02\/Zrzut-ekranu-2026-02-14-1542239-1024x765.jpg 1024w, https:\/\/www.skibum.pl\/wp-content\/uploads\/2026\/02\/Zrzut-ekranu-2026-02-14-1542239-300x224.jpg 300w, https:\/\/www.skibum.pl\/wp-content\/uploads\/2026\/02\/Zrzut-ekranu-2026-02-14-1542239-768x573.jpg 768w, https:\/\/www.skibum.pl\/wp-content\/uploads\/2026\/02\/Zrzut-ekranu-2026-02-14-1542239.jpg 1066w\" sizes=\"(max-width: 525px) 100vw, 525px\" \/><\/a><figcaption id=\"caption-attachment-6445\" class=\"wp-caption-text\">Fot.: Tomas van Houtryve \/ National Geographic<\/figcaption><\/figure>\n<p>&nbsp;<\/p>\n<h2 style=\"text-align: center;\"><a href=\"https:\/\/www.skibum.pl\/index.php\/newski-newsletter-skibum-pl\/\">POWR\u00d3T<\/a><\/h2>\n","protected":false},"excerpt":{"rendered":"<p>A oto gar\u015b\u0107 pierwszych w 2026 roku NEWSK\u00d3W. W artyku\u0142ach przeczytacie m.in. &#8222;Stary, a g\u0142upi&#8221; &#8211; jakie b\u0142\u0119dy pope\u0142niaj\u0105 doro\u015bli, kt\u00f3rzy bior\u0105 si\u0119 za narciarstwo. Czy warto za wszelk\u0105 cen\u0119 produkowa\u0107 \u015bnieg&#8230; &#8230; czy te\u017c mo\u017ce warto pogodzi\u0107 si\u0119 z jego brakiem. Dok\u0105d pojecha\u0107 na narty w kryzysie wieku \u015bredniego. Czy Twoja stara by\u0142a ju\u017c &hellip; <\/p>\n<p class=\"link-more\"><a href=\"https:\/\/www.skibum.pl\/index.php\/newski-styczen-2026\/\" class=\"more-link\">Czytaj dalej<span class=\"screen-reader-text\"> NEWSKI &#8211; STYCZE\u0143 2026<\/span><\/a><\/p>\n","protected":false},"author":1,"featured_media":6165,"parent":0,"menu_order":0,"comment_status":"closed","ping_status":"closed","template":"","meta":[],"yoast_head":"<!-- This site is optimized with the Yoast SEO plugin v16.1.1 - https:\/\/yoast.com\/wordpress\/plugins\/seo\/ -->\n<title>NEWSKI - STYCZE\u0143 2026 - SkiBum.pl<\/title>\n<link rel=\"canonical\" href=\"https:\/\/www.skibum.pl\/index.php\/newski-styczen-2026\/\" \/>\n<meta property=\"og:locale\" content=\"pl_PL\" \/>\n<meta property=\"og:type\" content=\"article\" \/>\n<meta property=\"og:title\" content=\"NEWSKI - STYCZE\u0143 2026 - SkiBum.pl\" \/>\n<meta property=\"og:description\" content=\"A oto gar\u015b\u0107 pierwszych w 2026 roku NEWSK\u00d3W. W artyku\u0142ach przeczytacie m.in. &#8222;Stary, a g\u0142upi&#8221; &#8211; jakie b\u0142\u0119dy pope\u0142niaj\u0105 doro\u015bli, kt\u00f3rzy bior\u0105 si\u0119 za narciarstwo. Czy warto za wszelk\u0105 cen\u0119 produkowa\u0107 \u015bnieg&#8230; &#8230; czy te\u017c mo\u017ce warto pogodzi\u0107 si\u0119 z jego brakiem. Dok\u0105d pojecha\u0107 na narty w kryzysie wieku \u015bredniego. Czy Twoja stara by\u0142a ju\u017c &hellip; Czytaj dalej NEWSKI &#8211; STYCZE\u0143 2026\" \/>\n<meta property=\"og:url\" content=\"https:\/\/www.skibum.pl\/index.php\/newski-styczen-2026\/\" \/>\n<meta property=\"og:site_name\" content=\"SkiBum.pl\" \/>\n<meta property=\"article:modified_time\" content=\"2026-02-14T15:22:53+00:00\" \/>\n<meta property=\"og:image\" content=\"https:\/\/www.skibum.pl\/wp-content\/uploads\/2025\/09\/newski-1-e1756931362690.png\" \/>\n\t<meta property=\"og:image:width\" content=\"1524\" \/>\n\t<meta property=\"og:image:height\" content=\"721\" \/>\n<meta name=\"twitter:card\" content=\"summary_large_image\" \/>\n<meta name=\"twitter:label1\" content=\"Szacowany czas czytania\">\n\t<meta name=\"twitter:data1\" content=\"3 minuty\">\n<script type=\"application\/ld+json\" class=\"yoast-schema-graph\">{\"@context\":\"https:\/\/schema.org\",\"@graph\":[{\"@type\":[\"Person\",\"Organization\"],\"@id\":\"https:\/\/www.skibum.pl\/#\/schema\/person\/b74385c885ac19df4fcc5a6cfed5764f\",\"name\":\"skibum\",\"image\":{\"@type\":\"ImageObject\",\"@id\":\"https:\/\/www.skibum.pl\/#personlogo\",\"inLanguage\":\"pl-PL\",\"url\":\"http:\/\/skibum.pl\/wp-content\/uploads\/2021\/04\/miniatura.jpg\",\"contentUrl\":\"http:\/\/skibum.pl\/wp-content\/uploads\/2021\/04\/miniatura.jpg\",\"width\":542,\"height\":542,\"caption\":\"skibum\"},\"logo\":{\"@id\":\"https:\/\/www.skibum.pl\/#personlogo\"}},{\"@type\":\"WebSite\",\"@id\":\"https:\/\/www.skibum.pl\/#website\",\"url\":\"https:\/\/www.skibum.pl\/\",\"name\":\"SkiBum.pl\",\"description\":\"Sezon nie ko\\u0144czy si\\u0119 nigdy!\",\"publisher\":{\"@id\":\"https:\/\/www.skibum.pl\/#\/schema\/person\/b74385c885ac19df4fcc5a6cfed5764f\"},\"potentialAction\":[{\"@type\":\"SearchAction\",\"target\":\"https:\/\/www.skibum.pl\/?s={search_term_string}\",\"query-input\":\"required name=search_term_string\"}],\"inLanguage\":\"pl-PL\"},{\"@type\":\"ImageObject\",\"@id\":\"https:\/\/www.skibum.pl\/index.php\/newski-styczen-2026\/#primaryimage\",\"inLanguage\":\"pl-PL\",\"url\":\"https:\/\/www.skibum.pl\/wp-content\/uploads\/2025\/09\/newski-1-e1756931362690.png\",\"contentUrl\":\"https:\/\/www.skibum.pl\/wp-content\/uploads\/2025\/09\/newski-1-e1756931362690.png\",\"width\":1524,\"height\":721},{\"@type\":\"WebPage\",\"@id\":\"https:\/\/www.skibum.pl\/index.php\/newski-styczen-2026\/#webpage\",\"url\":\"https:\/\/www.skibum.pl\/index.php\/newski-styczen-2026\/\",\"name\":\"NEWSKI - STYCZE\\u0143 2026 - SkiBum.pl\",\"isPartOf\":{\"@id\":\"https:\/\/www.skibum.pl\/#website\"},\"primaryImageOfPage\":{\"@id\":\"https:\/\/www.skibum.pl\/index.php\/newski-styczen-2026\/#primaryimage\"},\"datePublished\":\"2026-02-14T15:01:36+00:00\",\"dateModified\":\"2026-02-14T15:22:53+00:00\",\"breadcrumb\":{\"@id\":\"https:\/\/www.skibum.pl\/index.php\/newski-styczen-2026\/#breadcrumb\"},\"inLanguage\":\"pl-PL\",\"potentialAction\":[{\"@type\":\"ReadAction\",\"target\":[\"https:\/\/www.skibum.pl\/index.php\/newski-styczen-2026\/\"]}]},{\"@type\":\"BreadcrumbList\",\"@id\":\"https:\/\/www.skibum.pl\/index.php\/newski-styczen-2026\/#breadcrumb\",\"itemListElement\":[{\"@type\":\"ListItem\",\"position\":1,\"item\":{\"@type\":\"WebPage\",\"@id\":\"https:\/\/www.skibum.pl\/\",\"url\":\"https:\/\/www.skibum.pl\/\",\"name\":\"Strona g\\u0142\\u00f3wna\"}},{\"@type\":\"ListItem\",\"position\":2,\"item\":{\"@type\":\"WebPage\",\"@id\":\"https:\/\/www.skibum.pl\/index.php\/newski-styczen-2026\/\",\"url\":\"https:\/\/www.skibum.pl\/index.php\/newski-styczen-2026\/\",\"name\":\"NEWSKI &#8211; STYCZE\\u0143 2026\"}}]}]}<\/script>\n<!-- \/ Yoast SEO plugin. -->","_links":{"self":[{"href":"https:\/\/www.skibum.pl\/index.php\/wp-json\/wp\/v2\/pages\/6437"}],"collection":[{"href":"https:\/\/www.skibum.pl\/index.php\/wp-json\/wp\/v2\/pages"}],"about":[{"href":"https:\/\/www.skibum.pl\/index.php\/wp-json\/wp\/v2\/types\/page"}],"author":[{"embeddable":true,"href":"https:\/\/www.skibum.pl\/index.php\/wp-json\/wp\/v2\/users\/1"}],"replies":[{"embeddable":true,"href":"https:\/\/www.skibum.pl\/index.php\/wp-json\/wp\/v2\/comments?post=6437"}],"version-history":[{"count":13,"href":"https:\/\/www.skibum.pl\/index.php\/wp-json\/wp\/v2\/pages\/6437\/revisions"}],"predecessor-version":[{"id":6459,"href":"https:\/\/www.skibum.pl\/index.php\/wp-json\/wp\/v2\/pages\/6437\/revisions\/6459"}],"wp:featuredmedia":[{"embeddable":true,"href":"https:\/\/www.skibum.pl\/index.php\/wp-json\/wp\/v2\/media\/6165"}],"wp:attachment":[{"href":"https:\/\/www.skibum.pl\/index.php\/wp-json\/wp\/v2\/media?parent=6437"}],"curies":[{"name":"wp","href":"https:\/\/api.w.org\/{rel}","templated":true}]}}